27625491?
7, 29, 139, 4523
List the prime factors of 115057906.
2, 29, 59, 33623
What are the prime factors of 50651001?
3, 631, 991
What are the prime factors of 60053173?
3803, 15791
What are the prime factors of 206999016?
2, 3, 7, 37, 33301
What are the prime factors of 89314496?
2, 97, 14387
List the prime factors of 67864088.
2, 8483011
What are the prime factors of 2855825159?
11, 3359, 77291
What are the prime factors of 498897966?
2, 3, 7, 97, 139, 881
List the prime factors of 3277254699.
3, 364139411
What are the prime factors of 64612310?
2, 5, 7, 41, 47, 479
List the prime factors of 5219034711.
3, 11, 101, 1565867
What are the prime factors of 96213617?
96213617
What are the prime factors of 4706653143?
3, 211, 7435471
What are the prime factors of 327680455?
5, 443, 147937
What are the prime factors of 117115680?
2, 3, 5, 11, 41, 541
List the prime factors of 3303669192.
2, 3, 71, 1938773
What are the prime factors of 145489309?
7, 20784187
What are the prime factors of 3880520270?
2, 5, 11, 59, 597923
List the prime factors of 108526063.
2909, 37307
What are the prime factors of 42904708?
2, 7, 11, 139301
List the prime factors of 14659810.
2, 5, 11, 133271
What are the prime factors of 180955062?
2, 3, 421, 23879
What are the prime factors of 27848480?
2, 5, 11, 15823
List the prime factors of 3346099336.
2, 1279, 327023
What are the prime factors of 777461897?
61, 487, 26171
What are the prime factors of 6397536441?
3, 17, 151, 830741
What are the prime factors of 9373486?
2, 173, 27091
What are the prime factors of 116533854?
2, 3, 6474103
What are the prime factors of 95990573?
7, 223, 61493
List the prime factors of 178569068.
2, 19, 199, 11807
What are the prime factors of 6712696422?
2, 3, 8543, 14551
What are the prime factors of 615059299?
83, 7410353
List the prime factors of 42646183.
17, 2508599
List the prime factors of 58374330.
2, 3, 5, 7, 137, 2029
List the prime factors of 1063985036.
2, 5521, 48179
List the prime factors of 790153282.
2, 9791, 40351
List the prime factors of 8544741973.
8544741973
List the prime factors of 1405999621.
13, 108153817
List the prime factors of 162932523.
3, 13, 79, 52883
What are the prime factors of 3151423621?
3151423621
What are the prime factors of 19683284?
2, 83, 101, 587
List the prime factors of 13135510.
2, 5, 89, 14759
What are the prime factors of 423792323?
423792323
List the prime factors of 540454.
2, 23, 31, 379
List the prime factors of 343309490.
2, 5, 89, 385741
List the prime factors of 120881435.
5, 3559, 6793
List the prime factors of 1844120778.
2, 3, 307353463
List the prime factors of 296480478.
2, 3, 7, 1008437
List the prime factors of 80740176.
2, 3, 11, 29, 5273
What are the prime factors of 107729335?
5, 7, 19, 161999
What are the prime factors of 777842102?
2, 19, 20469529
What are the prime factors of 155283641?
353, 401, 1097
What are the prime factors of 412467938?
2, 59, 191, 18301
What are the prime factors of 530592?
2, 3, 5527
What are the prime factors of 52345794?
2, 3, 31, 281429
List the prime factors of 885960882.
2, 3, 17, 41, 23539
List the prime factors of 5584976405.
5, 691, 1616491
List the prime factors of 764062694.
2, 19, 1097, 18329
What are the prime factors of 3051902148?
2, 3, 254325179
What are the prime factors of 2084588744?
2, 7, 43, 47, 113, 163
What are the prime factors of 20832024?
2, 3, 311, 2791
What are the prime factors of 20115547?
19, 23, 191, 241
What are the prime factors of 4997715415?
5, 7, 11, 73, 177823
What are the prime factors of 170956737?
3, 7, 19, 2267
List the prime factors of 93436575.
3, 5, 787, 1583
List the prime factors of 514205950.
2, 5, 10284119
List the prime factors of 136545686.
2, 149, 458207
List the prime factors of 74380396.
2, 41, 79, 5741
What are the prime factors of 555082442?
2, 43, 113, 57119
List the prime factors of 402257492.
2, 7, 13, 29, 53, 719
List the prime factors of 2822503725.
3, 5, 89, 15661
What are the prime factors of 17936951?
17936951
What are the prime factors of 337991951?
11, 619, 49639
What are the prime factors of 1770967345?
5, 7, 349, 144983
List the prime factors of 36080624.
2, 37, 59, 1033
What are the prime factors of 79752818?
2, 97, 227, 1811
List the prime factors of 204165328.
2, 53, 71, 3391
What are the prime factors of 41156568?
2, 3, 23, 29, 857
List the prime factors of 14680096.
2, 79, 5807
What are the prime factors of 13504548?
2, 3, 1125379
What are the prime factors of 71753889?
3, 17, 1406939
What are the prime factors of 36122377?
36122377
List the prime factors of 87286608.
2, 3, 19, 61, 523
What are the prime factors of 76908455?
5, 13, 337, 3511
List the prime factors of 125420419.
53, 2366423
What are the prime factors of 1895968780?
2, 5, 89, 397, 2683
List the prime factors of 76611362.
2, 3037, 12613
List the prime factors of 21853082.
2, 23, 41, 11587
List the prime factors of 70553732.
2, 2539, 6947
List the prime factors of 2812420893.
3, 937473631
What are the prime factors of 363422297?
7, 6571, 7901
List the prime factors of 48333603.
3, 23, 113, 6199
List the prime factors of 494510313.
3, 11, 103, 145487
What are the prime factors of 874081812?
2, 3, 43, 1693957
What are the prime factors of 4521690361?
4783, 945367
What are the prime factors of 48052768?
2, 29, 53, 977
What are the prime factors of 2851957187?
379, 2069, 3637
List the prime factors of 4254902767.
4254902767
What are the prime factors of 516546325?
5, 271, 76243
List the prime factors of 5240772821.
5240772821
What are the prime factors of 39732090?
2, 3, 5, 1324403
List the prime factors of 2847363.
3, 949121
List the prime factors of 22002285.
3, 5, 19, 77201
What are the prime factors of 39308948?
2, 7, 19, 37, 1997
What are the prime factors of 51241948?
2, 1021, 12547
List the prime factors of 1339053419.
11, 4139, 29411
List the prime factors of 267780073.
11, 17, 397, 3607
List the prime factors of 141408057.
3, 7, 17, 41, 9661
List the prime factors of 83067236.
2, 7, 17, 47, 79
What are the prime factors of 4687967686?
2, 23, 1571, 64871
List the prime factors of 252698906.
2, 126349453
List the prime factors of 204609846.
2, 3, 7, 4871663
What are the prime factors of 2861061276?
2, 3, 59, 4041047
What are the prime factors of 81074309?
17, 109, 43753
List the prime factors of 811676243.
7, 115953749
List the prime factors of 1650242225.
5, 359, 183871
What are the prime factors of 63716781?
3, 2357, 9011
List the prime factors of 4361565904.
2, 272597869
List the prime factors of 3251591850.
2, 3, 5, 13, 433, 3851
List the prime factors of 154458145.
5, 73, 423173
List the prime factors of 7462980393.
3, 11, 31, 7295191
List the prime factors of 2289467883.
3, 763155961
What are the prime factors of 79363668?
2, 3, 37, 4831
What are the prime factors of 19289558?
2, 9644779
What are the prime factors of 1491953436?
2, 3, 41443151
List the prime factors of 2526518005.
5, 11, 45936691
List the prime factors of 23084297.
19, 1214963
What are the prime factors of 11874819?
3, 11, 32713
What are the prime factors of 187019285?
5, 1613, 23189
List the prime factors of 75651734.
2, 17, 2225051
List the prime factors of 5054479052.
2, 7, 349, 517241
What are the prime factors of 217796507?
1301, 167407
List the prime factors of 21081492.
2, 3, 29, 53, 127
List the prime factors of 3699471747.
3, 15937, 77377
What are the prime factors of 120395570?
2, 5, 23, 523459
List the prime factors of 5095204567.
127, 40119721
What are the prime factors of 2813464686?
2, 3, 101, 757, 6133
List the prime factors of 133905655.
5, 13, 23, 43, 2083
List the prime factors of 3018152896.
2, 11, 241, 17789
List the prime factors of 22637440.
2, 5, 7, 31, 163
List the prime factors of 425884621.
425884621
What are the prime factors of 723574588?
2, 11, 43, 47, 79, 103
What are the prime factors of 318034523?
2083, 152681
What are the prime factors of 487894139?
487894139
List the prime factors of 31777085.
5, 197, 32261
List the prime factors of 11891342.
2, 5945671
What are the prime factors of 47463998?
2, 179, 197, 673
What are the prime factors of 26558979?
3, 19, 465947
What are the prime factors of 281208328?
2, 35151041
List the prime factors of 24858460.
2, 